50 divide 152100?
True
Is 411 a factor of 4396056?
True
Is 936138 a multiple of 651?
True
Is 454 a factor of 1096410?
True
Is 1645650 a multiple of 265?
True
Is 12532116 a multiple of 163?
False
Does 2 divide 330654?
True
Does 51 divide 166553?
False
Does 3 divide 134149?
False
Does 54 divide 1892646?
True
Does 22 divide 1898446?
True
Is 1053499 a multiple of 669?
False
Is 135 a factor of 233370?
False
Does 9 divide 98168?
False
Is 3 a factor of 1947645?
True
Is 4637687 a multiple of 1000?
False
Is 13 a factor of 1529143?
False
Is 8694629 a multiple of 22?
False
Is 12489343 a multiple of 158?
False
Is 17 a factor of 191752?
False
Does 317 divide 160689?
False
Is 144492 a multiple of 17?
False
Does 35 divide 912117?
False
Does 148 divide 2481303?
False
Is 230 a factor of 14512770?
True
Is 440 a factor of 3823600?
True
Is 58 a factor of 62075?
False
Is 38 a factor of 165262?
True
Is 252 a factor of 260820?
True
Does 863 divide 4938949?
True
Is 50 a factor of 10895250?
True
Is 45 a factor of 116993?
False
Is 762630 a multiple of 330?
True
Is 143961 a multiple of 266?
False
Is 14 a factor of 191117?
False
Does 852 divide 8841949?
False
Is 7862 even?
True
Is 356816 a multiple of 464?
True
Is 1266840 a multiple of 20?
True
Is 102050 a multiple of 158?
False
Is 204043 a multiple of 42?
False
Does 4 divide 49337?
False
Does 23 divide 801320?
True
Is 1936 a multiple of 176?
True
Is 667197 a multiple of 10?
False
Does 46 divide 120980?
True
Is 1243137 a multiple of 41?
False
Is 19993302 a multiple of 966?
True
Is 1009231 a multiple of 147?
False
Is 285 a factor of 2180820?
True
Is 237 a factor of 101436?
True
Is 181130 a multiple of 66?
False
Is 17056512 a multiple of 132?
True
Is 7 a factor of 472106?
False
Is 8 a factor of 109857?
False
Does 78 divide 300460?
False
Is 29 a factor of 6087361?
True
Is 285 a factor of 2156678?
False
Is 217 a factor of 653534?
False
Is 33 a factor of 142890?
True
Is 641002 a multiple of 536?
False
Is 35987 a multiple of 7?
True
Is 7 a factor of 544439?
True
Does 35 divide 118746?
False
Is 276659 a multiple of 39?
False
Is 7 a factor of 179671?
False
Does 7 divide 331622?
False
Is 90 a factor of 203580?
True
Is 30260 a multiple of 170?
True
Is 204269 a multiple of 2?
False
Is 15732 a multiple of 4?
True
Is 26 a factor of 343200?
True
Is 107 a factor of 11257042?
True
Is 146112 a multiple of 16?
True
Is 1465866 a multiple of 558?
True
Does 4 divide 617457?
False
Is 5861440 a multiple of 260?
True
Does 427 divide 1078211?
False
Does 74 divide 748436?
True
Is 12080241 a multiple of 37?
True
Does 503 divide 668755?
False
Is 50 a factor of 197174?
False
Is 68 a factor of 307904?
True
Does 10 divide 3644620?
True
Is 17 a factor of 560966?
True
Does 91 divide 236872?
False
Is 5876648 a multiple of 194?
True
Is 12472 even?
True
Is 19 a factor of 15235517?
False
Does 1268 divide 26737483?
False
Is 12452 a multiple of 11?
True
Is 290625 a multiple of 73?
False
Is 358 a factor of 1031118?
False
Is 79 a factor of 8355264?
False
Is 137022 a multiple of 138?
False
Is 509 a factor of 41026?
False
Is 77632 a multiple of 16?
True
Does 9 divide 17604?
True
Is 41 a factor of 43419?
True
Is 159 a factor of 1633725?
True
Is 46 a factor of 251758?
True
Is 373 a factor of 175683?
True
Is 46401 a multiple of 16?
False
Is 188 a factor of 447440?
True
Is 73610 a multiple of 85?
True
Is 571310 a multiple of 201?
False
Is 223856 a multiple of 11?
False
Is 10 a factor of 367959?
False
Is 1068454 a multiple of 41?
False
Does 16 divide 296415?
False
Is 76406 a multiple of 151?
True
Is 1908008 a multiple of 29?
False
Is 105 a factor of 5077262?
False
Is 887 a factor of 2512871?
True
Is 32 a factor of 177669?
False
Is 361 a factor of 2839626?
True
Does 144 divide 45072?
True
Does 1511 divide 2655683?
False
Is 159880 a multiple of 40?
True
Is 10 a factor of 125752?
False
Is 97 a factor of 307393?
True
Is 60 a factor of 123542?
False
Is 7 a factor of 206208?
False
Is 30 a factor of 35550?
True
Is 9 a factor of 53875?
False
Is 2554 a multiple of 19?
False
Is 4 a factor of 1102128?
True
Is 520 a factor of 1167400?
True
Does 308 divide 2141216?
True
Is 77 a factor of 329021?
True
Does 13 divide 514211?
False
Is 29 a factor of 28101?
True
Does 63 divide 132174?
True
Is 27 a factor of 2334393?
True
Is 70 a factor of 99680?
True
Is 260699 a multiple of 19?
True
Is 5 a factor of 664462?
False
Is 223 a factor of 983880?
False
Is 88230 a multiple of 102?
True
Is 92 a factor of 3621236?
False
Is 2 a factor of 143513?
False
Is 81910 a multiple of 168?
False
Is 208384 a multiple of 22?
True
Is 301308 a multiple of 238?
True
Is 37 a factor of 63751?
True
Does 10 divide 1635144?
False
Is 1108 a multiple of 2?
True
Is 657 a factor of 2264430?
False
Does 2041 divide 10086622?
True
Is 1644458 a multiple of 12?
False
Is 609 a factor of 182922?
False
Does 148 divide 3531132?
True
Is 23 a factor of 109795?
False
Is 274 a factor of 263588?
True
Does 22 divide 20285?
False
Is 2910 a multiple of 18?
False
Is 473 a factor of 186007?
False
Is 190 a factor of 21470?
True
Is 633 a factor of 8321418?
True
Is 10 a factor of 3221490?
True
Is 68 a factor of 1558356?
True
Does 13 divide 1016492?
False
Is 36595 a multiple of 65?
True
Does 79 divide 100646?
True
Is 4 a factor of 565476?
True
Is 379 a factor of 1977278?
False
Does 11 divide 927630?
True
Is 30 a factor of 2781660?
True
Is 81660 a multiple of 4?
True
Is 6622203 a multiple of 19?
True
Does 6 divide 8036?
False
Is 10198584 a multiple of 30?
False
Does 58 divide 522222?
False
Is 18373 a multiple of 4?
False
Does 30 divide 504858?
False
Is 2856271 a multiple of 864?
False
Is 167 a factor of 27186?
False
Does 27 divide 8748?
True
Is 64419 a multiple of 109?
True
Is 88 a factor of 9416?
True
Is 14 a factor of 323684?
False
Does 221 divide 4837741?
False
Is 93 a factor of 1397199?
False
Does 4 divide 76400?
True
Is 27 a factor of 330453?
True
Is 485070 a multiple of 111?
True
Is 10593 a multiple of 12?
False
Is 439817 a multiple of 321?
False
Is 10 a factor of 87490?
True
Does 35 divide 23555?
True
Is 741613 a multiple of 31?
True
Does 136 divide 19831520?
True
Does 197 divide 12193836?
False
Is 11331801 a multiple of 48?
False
Is 1644365 a multiple of 58?
False
Is 24807 a multiple of 3?
True
Is 15 a factor of 1077278?
False
Does 117 divide 2380229?
False
Is 290543 a multiple of 65?
False
Does 4 divide 4557260?
True
Does 10 divide 606510?
True
Does 207 divide 2915181?
True
Is 397710 a multiple of 491?
True
Is 92 a factor of 3915085?
False
Is 115139 a multiple of 2?
False
Is 1530476 a multiple of 317?
True
Is 82 a factor of 2190794?
True
Is 1190 a multiple of 7?
True
Does 40 divide 385886?
False
Is 10 a factor of 39499?
False
Is 37 a factor of 451770?
True
Is 17 a factor of 56848?
True
Is 1411 a factor of 2562376?
True
Is 993415 a multiple of 15?
False
Does 14 divide 99078?
True
Is 8221336 a multiple of 991?
True
Is 6 a factor of 5174010?
True
Does 1276 divide 8265783?
False
Is 21 a factor of 11193?
True
Is 6 a factor of 633782?
False
Does 58 divide 244328?
False
Is 3775460 a multiple of 26?
True
Is 6997342 a multiple of 20?
False
Does 27 divide 44565?
False
Does 25 divide 3859525?
True
Is 1747584 a multiple of 933?
False
Is 370771 a multiple of 24?
False
Is 31 a factor of 368838?
True
Is 160 a factor of 97120?
True
Is 9 a factor of 27513?
True
Does 334 divide 824844?
False
Is 231476 a multiple of 196?
True
Is 28112 a multiple of 502?
True
Is 153121 a multiple of 15?
False
Is 763592 a multiple of 36?
False
Is 56 a factor of 93949?
False
Is 52 a factor of 193984?
False
Is 6 a factor of 583419?
False
Is 3309586 a multiple of 594?
False
Is 5234272 a multiple of 608?
True
Does 36 divide 1548?
True
Does 18 divide 157536?
True
Is 113 even?
False
Is 26048 a multiple of 22?
True
Does 50 divide 3545850?
True
Does 9 divide 1146719?
False
Does 19 divide 1100530?
False
Is 66860 a multiple of 10?
True
Does 22 divide 3281058?
True
Does 6 divide 17898?
True
Is 1964579 a multiple of 23?
False
Is 41 a factor of 6027?
True
Is 1797589 a multiple of 531?
False
Is 72768 a multiple of 48?
True
Does 151 divide 39411?
True
Is 2878018 a multiple of 836?
False
Does 51 divide 1826548?
False
Is 12679 a multiple of 135?
False
Is 9 a factor of 2991090?
False
